vert -2234021 (base 6) to base 9.
-182774
3a18c (base 13) to base 4
122112202
-50340303 (base 6) to base 11
-896118
What is -170dd (base 14) in base 9?
-87273
What is -c43df (base 16) in base 3?
-1111211121122
What is -1085a4 (base 12) in base 14?
-6c056
157260 (base 11) to base 3
110101112122
What is 15440144 (base 6) in base 11?
345998
What is 2102020021 (base 3) in base 11?
32801
Convert 11110011110111110001100 (base 2) to base 13.
186a412
-ab2805 (base 13) to base 4
-33120211110
-15223 (base 7) to base 10
-4231
Convert -22200443 (base 5) to base 7.
-1435141
What is 11310301221 (base 4) in base 13?
415cb0
404d5 (base 15) to base 12
999a8
Convert 60237 (base 11) to base 15.
1b1a3
Convert -92a37 (base 11) to base 15.
-2a306
What is 10000010011010111 (base 2) in base 3?
10101121011
What is 10101110011222 (base 3) in base 2?
110110111011101100011
What is -64b212 (base 14) in base 12?
-11860a8
644750 (base 9) to base 7
3156504
What is 50132 (base 11) in base 12?
36555
What is 278188 (base 11) in base 2?
1101010010011111110
Convert 142201102 (base 6) to base 7.
33502346
-5d8b2 (base 14) to base 8
-700144
Convert 40703 (base 9) to base 7.
141114
What is 3023013 (base 4) in base 16?
32c7
Convert 61357 (base 12) to base 15.
277cd
-11101001020 (base 3) to base 15
-1a770
-e6b9b (base 15) to base 5
-141402441
Convert 151a912 (base 11) to base 3.
11220101120200
Convert 2010202010012 (base 3) to base 7.
12442460
What is -4a3915 (base 11) in base 10?
-795712
Convert -139051 (base 11) to base 2.
-110100111110110001
Convert 241540 (base 6) to base 5.
1134111
What is -10033203300 (base 4) in base 8?
-4174360
-1250530 (base 10) to base 13
-34a278
Convert 214220141 (base 5) to base 12.
389a39
Convert -118665 (base 15) to base 8.
-3145455
Convert 245447 (base 11) to base 9.
651031
7d9494 (base 15) to base 5
3014131124
-111217 (base 9) to base 12
-325b1
35143333 (base 6) to base 4
10021111221
-5005540 (base 6) to base 13
-829c5
1344826 (base 9) to base 3
1101111220220
8eb26c (base 15) to base 8
32013063
-1447a99 (base 11) to base 7
-30056536
What is 13304051 (base 8) in base 5?
1230441402
What is 4131213433 (base 5) in base 8?
40214315
Convert 1010010110001011001011 (base 2) to base 15.
38897c
-12ec5 (base 16) to base 15
-17e74
-12514172 (base 8) to base 11
-163736a
Convert 10001210200112 (base 3) to base 5.
404123230
b19394 (base 12) to base 11
1625154
What is -2b1122 (base 13) in base 2?
-100000010100101001111
3654 (base 8) to base 4
132230
1858444 (base 9) to base 6
34203534
What is 17025202 (base 8) in base 4?
33002222002
What is -432413432 (base 5) in base 9?
-3416350
-12b06 (base 14) to base 10
-46066
What is -17466d (base 15) in base 13?
-306994
142043352 (base 7) to base 9
18452156
43398 (base 14) to base 3
22021001220
-60046344 (base 7) to base 4
-102321100023
Convert -2732837 (base 9) to base 5.
-340414143
What is 1361072 (base 8) in base 16?
5e23a
-116a818 (base 12) to base 6
-200221232
2002312011 (base 4) to base 11
33672a
d8611 (base 15) to base 12
291337
What is -12203611 (base 7) in base 10?
-1093786
What is 99b5 (base 13) in base 9?
32364
Convert 26d8ba (base 16) to base 9.
4710222
What is 235054431 (base 6) in base 13?
bc5b22
12220120020121 (base 3) to base 15
4208aa
What is -11000001101000000101000 (base 2) in base 12?
-215b888
1011000001011010100111 (base 2) to base 9
5383435
Convert -1772424 (base 10) to base 16.
-1b0b88
Convert -11811 (base 13) to base 12.
-16710
Convert a992 (base 11) to base 12.
8484
-3401051 (base 6) to base 10
-171319
What is 143342032 (base 5) in base 13?
208b94
What is 3a5d2 (base 15) in base 11?
118502
What is -12536644 (base 8) in base 16?
-2abda4
443071 (base 8) to base 2
100100011000111001
a0e838 (base 16) to base 3
201211202022021
556a75 (base 15) to base 11
23318a3
Convert 3111200112 (base 4) to base 12.
362106
What is 150ea4 (base 15) in base 3?
1220121102101
Convert -7ebc9 (base 16) to base 3.
-222101002102
1c360 (base 13) to base 10
55510
Convert -2de30 (base 15) to base 3.
-21112110100
Convert -344985 (base 12) to base 9.
-1516152
What is -222132332 (base 4) in base 2?
-101010011110111110
Convert 1705085 (base 9) to base 14.
1a9946
Convert -2724030 (base 8) to base 15.
-101538
What is 607082 (base 9) in base 6?
11412115
-159777 (base 10) to base 9
-263150
What is 1011011022212 (base 3) in base 14?
11d732
What is -4b332b (base 13) in base 12?
-7314ba
Convert 4611110 (base 7) to base 5.
121333423
Convert 303320130 (base 4) to base 14.
57632
Convert 5507 (base 9) to base 11.
3059
What is -c5686 (base 13) in base 11?
-222663
Convert 1b82ac3 (base 14) to base 6.
1210534123
What is 63c55 (base 15) in base 16?
4d4ef
Convert 20c53 (base 13) to base 14.
1781c
-130965 (base 11) to base 15
-41124
Convert -1021010110200 (base 3) to base 16.
-a4007
Convert -41402004 (base 7) to base 6.
-202325523
Convert 3502333 (base 7) to base 11.
279a56
Convert -23441300 (base 6) to base 2.
-10110011110011000100
311345540 (base 6) to base 3
101011002212120
What is 1851445 (base 11) in base 14?
5b8714
-597960 (base 12) to base 4
-11200212120
1306c8 (base 13) to base 7
3615504
-14031333 (base 5) to base 7
-1133042
Convert 206fc (base 16) to base 6.
2503032
What is -221264 (base 9) in base 4?
-200101021
What is -100011000100000010011011 (base 2) in base 6?
-525001335
Convert -3465265 (base 7) to base 6.
-13204321
-1744a09 (base 11) to base 16
-2d3a39
-27a61c (base 14) to base 6
-45233230
Convert 4dba49 (base 16) to base 8.
23335111
-686b2 (base 13) to base 15
-3b4d6
What is -2400220 (base 5) in base 11?
-2aa08
What is 120111000220 (base 3) in base 8?
1123152
What is -122110201020 (base 3) in base 15?
-6bd53
7bbc9 (base 13) to base 6
4502502
What is -746426 (base 10) in base 12?
-2bbb62
-3be67e (base 15) to base 6
-141450315
-2a943 (base 15) to base 6
-2534400
Convert 20705412 (base 8) to base 7.
52424160
What is 15620145 (base 7) in base 14?
2b705c
What is -36260635 (base 7) in base 2?
-1100010011010100011111
10130424431 (base 5) to base 13
2203ccc
Convert 4a839 (base 12) to base 10.
101421
Convert -3352344 (base 7) to base 11.
-2647a9
Convert -3e5da (base 15) to base 11.
-127672
b5d81 (base 14) to base 8
1531255
What is 20041310 (base 5) in base 12?
77ba3
Convert 113510025 (base 6) to base 13.
59bc04
Convert -25b347 (base 15) to base 12.
-73337a
-15a069 (base 11) to base 7
-2050662
16042631 (base 9) to base 15
a804c1
What is 63a05 (base 12) in base 4?
133333211
-415461 (base 7) to base 4
-101132133
What is -40544011 (base 7) in base 13?
-918850
Convert -9a189 (base 14) to base 2.
-1011011001011111101
What is -3233212020 (base 5) in base 10?
-6929010
Convert -1113c8 (base 15) to base 12.
-333252
Convert -5242 (base 7) to base 9.
-2467
Convert 11a8ad (base 14) to base 3.
1010202110021
1705174 (base 12) to base 10
4736680
Convert -520499 (base 10) to base 7.
-4265330
Convert 7331287 (base 11) to base 6.
1141043331
What is 151111534 (base 6) in base 13?
85a1bb
-200760 (base 8) to base 14
-1a0c8
Convert 366632 (base 8) to base 5.
13020422
What is -6009808 (base 10) in base 13?
-13255cc
Convert -3805 (base 15) to base 10.
-11930
What is 3698569 (base 10) in base 2?
1110000110111110001001
14323 (base 14) to base 11
34635
337005 (base 9) to base 4
301103102
What is -1a971d (base 16) in base 14?
-3350cd
What is aca7dd (base 14) in base 7?
100610366
Convert -7da16 (base 15) to base 5.
-100304041
Convert -1000111000110100111010 (base 2) to base 9.
-4341033
Convert -6156655 (base 7) to base 13.
-1ca66b
Convert -22130002 (base 4) to base 2.
-1010011100000010
What is -43630226 (base 7) in base 13?
-a1637b
What is -a65977 (base 15) in base 7?
-124201132
Convert -1325480 (base 11) to base 15.
-303d33
-22124110 (base 5) to base 9
-322833
Convert -100110011110001010 (base 2) to base 3.
-22000011020
What is 22223131001 (base 4) in base 15?
3a46d5
Convert -217782 (base 9) to base 12.
-6356b
What is 12320132232 (base 4) in base 10?
1804206
-1110120001 (base 4) to base 12
-148001
493d (base 14) to base 13
5a93
What is -616793 (base 10) in base 2?
-10010110100101011001
What is 77128 (base 9) in base 11?
35469
-120044 (base 5) to base 9
-6027
What is 12874922 (base 10) in base 9?
26203058
Convert -4ec67 (base 16) to base 5.
-40311123
-1424130 (base 6) to b